{"id":143,"date":"2013-05-25T00:02:15","date_gmt":"2013-05-24T22:02:15","guid":{"rendered":"http:\/\/naturgartenblog.wgrverlag.de\/wp-content\/uploads\/2013\/05\/Aurora-2.jpg"},"modified":"2013-05-25T00:02:15","modified_gmt":"2013-05-24T22:02:15","slug":"aurora-2","status":"inherit","type":"attachment","link":"http:\/\/naturgartenblog.wgrverlag.de\/?attachment_id=143","title":{"rendered":"Aurora 2"},"author":2,"comment_status":"open","ping_status":"open","template":"","meta":[],"description":{"rendered":"<p class=\"attachment\"><a href='http:\/\/naturgartenblog.wgrverlag.de\/wp-content\/uploads\/2013\/05\/Aurora-2.jpg'><img loading=\"lazy\" width=\"300\" height=\"249\" src=\"http:\/\/naturgartenblog.wgrverlag.de\/wp-content\/uploads\/2013\/05\/Aurora-2-300x249.jpg\" class=\"attachment-medium size-medium\" alt=\"\" decoding=\"async\" srcset=\"http:\/\/naturgartenblog.wgrverlag.de\/wp-content\/uploads\/2013\/05\/Aurora-2-300x249.jpg 300w, http:\/\/naturgartenblog.wgrverlag.de\/wp-content\/uploads\/2013\/05\/Aurora-2-1024x851.jpg 1024w, http:\/\/naturgartenblog.wgrverlag.de\/wp-content\/uploads\/2013\/05\/Aurora-2-624x518.jpg 624w, http:\/\/naturgartenblog.wgrverlag.de\/wp-content\/uploads\/2013\/05\/Aurora-2.jpg 1180w\" sizes=\"(max-width: 300px) 100vw, 300px\" \/><\/a><\/p>\n"},"caption":{"rendered":"<p>Nochmal der Aurorafalter. Das sch\u00f6nste dabei war, dass er ein Bl\u00fcmchen in unserem  Kr\u00e4uterrasen als Ansitz nutzte. Galium album?<\/p>\n"},"alt_text":"","media_type":"image","mime_type":"image\/jpeg","media_details":{"width":1180,"height":981,"file":"2013\/05\/Aurora-2.jpg","sizes":{"thumbnail":{"file":"Aurora-2-150x150.jpg","width":150,"height":150,"mime_type":"image\/jpeg","source_url":"http:\/\/naturgartenblog.wgrverlag.de\/wp-content\/uploads\/2013\/05\/Aurora-2-150x150.jpg"},"medium":{"file":"Aurora-2-300x249.jpg","width":300,"height":249,"mime_type":"image\/jpeg","source_url":"http:\/\/naturgartenblog.wgrverlag.de\/wp-content\/uploads\/2013\/05\/Aurora-2-300x249.jpg"},"large":{"file":"Aurora-2-1024x851.jpg","width":1024,"height":851,"mime_type":"image\/jpeg","source_url":"http:\/\/naturgartenblog.wgrverlag.de\/wp-content\/uploads\/2013\/05\/Aurora-2-1024x851.jpg"},"post-thumbnail":{"file":"Aurora-2-624x518.jpg","width":624,"height":518,"mime_type":"image\/jpeg","source_url":"http:\/\/naturgartenblog.wgrverlag.de\/wp-content\/uploads\/2013\/05\/Aurora-2-624x518.jpg"},"full":{"file":"Aurora-2.jpg","width":1180,"height":981,"mime_type":"image\/jpeg","source_url":"http:\/\/naturgartenblog.wgrverlag.de\/wp-content\/uploads\/2013\/05\/Aurora-2.jpg"}},"image_meta":{"aperture":0,"credit":"","camera":"","caption":"","created_timestamp":0,"copyright":"","focal_length":0,"iso":0,"shutter_speed":0,"title":""}},"post":140,"source_url":"http:\/\/naturgartenblog.wgrverlag.de\/wp-content\/uploads\/2013\/05\/Aurora-2.jpg","_links":{"self":[{"href":"http:\/\/naturgartenblog.wgrverlag.de\/index.php?rest_route=\/wp\/v2\/media\/143"}],"collection":[{"href":"http:\/\/naturgartenblog.wgrverlag.de\/index.php?rest_route=\/wp\/v2\/media"}],"about":[{"href":"http:\/\/naturgartenblog.wgrverlag.de\/index.php?rest_route=\/wp\/v2\/types\/attachment"}],"author":[{"embeddable":true,"href":"http:\/\/naturgartenblog.wgrverlag.de\/index.php?rest_route=\/wp\/v2\/users\/2"}],"replies":[{"embeddable":true,"href":"http:\/\/naturgartenblog.wgrverlag.de\/index.php?rest_route=%2Fwp%2Fv2%2Fcomments&post=143"}]}}

<p>Nochmal der Aurorafalter. Das schönste dabei war, dass er ein Blümchen in unserem  Kräuterrasen als Ansitz nutzte. Galium album?</p>
